e greatest common divisor of 27 and w?
9
Suppose 7*n - 2*n = 25, -13 = -h + 3*n. What is the highest common factor of h and 35?
7
Suppose 4*j - 4 = -0*j. Suppose 19*o = 22*o - 15. Suppose -y = q, -o*y + 3*q = q - 14. What is the greatest common factor of y and j?
1
Suppose 5*k - 1010 = -5*g, -2*g = -8*k + 3*k + 982. What is the greatest common factor of k and 22?
22
Let x(a) = -a**2 - 54*a + 1153. Let u be x(-70). What is the greatest common divisor of u and 27?
3
Let r(a) = -a**3 + 6*a**2 - a - 3. Let m be r(5). Suppose -5*s + m + 8 = 0, s = -3*q + 59. Calculate the highest common divisor of 54 and q.
18
Let f = 616 + -368. Calculate the highest common divisor of f and 8.
8
Let v(g) = g**3 + 4*g**2 + 3*g + 12. Let p be v(-4). Suppose 3*c = 2*u - p*c - 70, -2*c - 37 = -u. Calculate the highest common factor of u and 29.
29
Let a = 34 + 7. Suppose -4*x + 283 + a = 0. What is the greatest common divisor of 54 and x?
27
Let r(i) = 70*i**2 - 14*i + 4. Let b be r(3). Calculate the highest common divisor of 222 and b.
74
Let m be 12/20*4*80/6. Let p = -13 + 25. What is the greatest common divisor of p and m?
4
Let h(m) = -m**2 - 25*m - 21. Suppose 17*c + 69 + 237 = 0. Let n be h(c). What is the highest common factor of 21 and n?
21
Suppose 0 = -0*r + 4*r + 12, 5*o - 32 = 4*r. Suppose -4*m = 3*z - 66, -5*m + z + 81 = o*z. Calculate the greatest common factor of 165 and m.
15
Let d(p) = -p**3 - 4 + 3*p**3 + 6*p - 3*p**3. Let v be d(-6). Calculate the greatest common divisor of 16 and v.
16
Suppose 2*v = 2*p + 72, 235 - 43 = 5*v - 2*p. Let k(i) = i**3 + 14*i**2 + 13*i + 30. Let z be k(-13). What is the highest common divisor of v and z?
10
Let t(w) = 16*w**2 + 4*w - 126. Let f be t(-12). What is the highest common factor of 15 and f?
15
Suppose 0 = -16*o + 18*o - 36. Let p(w) = -3 + 3*w + 2*w**2 + 5 - 10*w + o*w. Let x be p(-9). Calculate the highest common divisor of 26 and x.
13
Suppose 0 = 4*i - 2*y - 6500, -y + 6498 = 4*i - 2*y. What is the highest common divisor of i and 58?
58
Let t = 5648 - 3805. What is the highest common divisor of t and 19?
19
Let u be ((-4)/6 - 4/(-6)) + 600. Calculate the greatest common factor of u and 15.
15
Suppose y - 228 + 48 = 0. Calculate the greatest common factor of y and 40.
20
Suppose 18*y - 340 = 362. Calculate the highest common factor of y and 871.
13
Let f be 46/((92/12 - 5) + -2). What is the highest common factor of f and 3?
3
Suppose -5*b + 70 = 2*b. What is the highest common factor of 25 and b?
5
Let b = -366 + 667. What is the highest common factor of 14 and b?
7
Let m = 193 + -155. Calculate the highest common divisor of 2 and m.
2
Let m = -143 + 149. Let v(h) = -h**3 + 3*h**2 + 3*h + 3. Let w be v(3). Calculate the highest common factor of m and w.
6
Suppose 0 = -2*j + 2*z + 3*z + 8, -4*z = -2*j + 4. Let f be 3/j*(8 - 34). What is the greatest common divisor of 169 and f?
13
Let j = -1947 - -2063. Calculate the highest common factor of j and 406.
58
Suppose i = 5*i - 16. Calculate the highest common factor of i and 43.
1
Let f(x) = 2*x**3 - 8*x**2 + x + 1. Let p be f(4). Let a(h) = 2*h**2 - 6*h - 1. Let m = -2 - -9. Let n be a(m). Calculate the highest common factor of n and p.
5
Suppose 3 - 4 = g + c, 0 = -4*g + 2*c + 26. Let o be -2*(3 - (-35)/(-10)). What is the greatest common divisor of o and g?
1
Let x(p) = -p**3 + 5*p**2 + 4*p + 1. Let b = -15 + 19. Let v be x(b). Suppose o = -2*o + 396. Calculate the greatest common divisor of o and v.
33
Let y(n) = -16*n**2 + 1 - 22 + 17*n**2 - 2 - 7*n. Let c be y(11). What is the highest common factor of c and 56?
7
Suppose 2*d - 4*d + 18 = 0. Let k(r) = -r - 2. Let i be k(-6). Let y be 16/i - 2/(-1). What is the highest common factor of d and y?
3
Suppose -3376 = -14*w + 5570. What is the highest common divisor of w and 9?
9
Let j(w) = 2*w**2 - 51*w + 117. Let n be j(24). What is the highest common factor of n and 195?
15
Let h = 14 - -19. Suppose -5*i + h = -l + 4*l, -l + 13 = i. Suppose -5*d + 2 = 2*a, 5*d - l = -4*a + d. Calculate the highest common factor of 2 and a.
2
Suppose -53*m = -50*m - y - 264, -5*m = y - 432. What is the highest common factor of m and 232?
29
Let u(j) = -j**2 + 26*j - 6. Let i be u(5). What is the highest common factor of i and 121?
11
Suppose 4*z - 1380 = -3*b, -4*b + 40 + 640 = 2*z. What is the highest common divisor of 24 and z?
12
Suppose 2*x - 1 = 23. Suppose 924 = -d + 8*d. Calculate the highest common factor of x and d.
12
Let w = 1144 + -629. Suppose -241 = -6*s + w. Suppose -k = 2*k - s. Calculate the highest common factor of k and 21.
21
Suppose -7830 = -34*l + 7*l. What is the highest common divisor of 174 and l?
58
Suppose -1392 = -5*c - 7*c. Let t(h) = 28*h**3 + h**2 + h - 1. Let f be t(1). Calculate the greatest common factor of f and c.
29
Let k = -1 - -9. Suppose -x = 4*o - 44, 0 = -4*x - 3*o + 26 + 111. Calculate the highest common divisor of x and k.
8
Suppose -2*d - 2*t + 15 = -7*t, -2*d - t = 3. Suppose -5*x + d*x = -125. Calculate the highest common divisor of x and 125.
25
Let n(h) be the first derivative of 10*h**3/3 - h**2/2 - 29. Let f be n(1). Calculate the highest common factor of 81 and f.
9
Let w be 0 - ((-2)/(-11) + (-1284)/44). Let z = 570 - 883. Let k = 487 + z. Calculate the greatest common factor of k and w.
29
Suppose -x + 26 = -4*l, 6*l - l + 104 = 4*x. Let j be -5 - (-40)/8 - (-1 - -133). Let c = j - -145. Calculate the highest common factor of x and c.
13
Suppose -16*y + 9*y + 4746 = 0. What is the highest common factor of 12 and y?
6
Let y be -4 - (0 + (-1055)/(20/4)). What is the greatest common factor of 23 and y?
23
Suppose -76*f + 93*f - 7293 = 0. What is the highest common factor of 234 and f?
39
Suppose -4*p - 6*m + 160 = -10*m, 2*m + 10 = 0. Calculate the greatest common factor of 700 and p.
35
Suppose -3*w + 115 = 5*q, -w + 3*q + 8 = -7. What is the highest common divisor of w and 240?
30
Suppose c - 4 = 1. Suppose 2*f = -c*i + 332 + 54, 2*i = -3*f + 161. What is the highest common divisor of 19 and i?
19
Suppose 4*k - k - s = 34, 0 = 2*s + 8. Suppose -27*t = -942 - 948. Calculate the highest common divisor of k and t.
10
Let g(o) = o**3 - 5*o**2 + 7*o - 7. Let s be g(5). Suppose 0 = -v - v - 2*f + 32, -2*f = -2*v + 24. Calculate the greatest common factor of v and s.
14
Suppose 0 = 2*u + 88 - 96. What is the greatest common factor of 230 and u?
2
Suppose 5*w + 2*y = 11, 0 = 3*w + w - 3*y - 18. Suppose -w*t - 73 = -4*d, 5*d - 33 - 44 = -t. What is the greatest common divisor of 2 and d?
2
Let u = 55 + -191. Let m = u - -149. Calculate the greatest common divisor of 143 and m.
13
Suppose 11520 = -806*s + 812*s. What is the greatest common factor of 60 and s?
60
Let o be 10/2*(-4 - 32/(-5)). Calculate the highest common divisor of o and 30.
6
Suppose 3*t = -0*t + 81. Suppose -44*a + 3 = -83*a + 40*a. Calculate the highest common divisor of a and t.
3
Let p(k) = 6*k + 8. Let h be 2/(-3)*(-6)/(-4). Let a(t) = -9*t**3 + 2*t + 1. Let r be a(h). Let d be p(r). Calculate the highest common divisor of 7 and d.
7
Let p(q) = 16*q**2 + 38*q - 7. Let b be p(-6). Let o(j) = 31*j**2 - j - 1. Let a be o(-1). What is the highest common factor of a and b?
31
Let i = 624 - 544. What is the highest common divisor of i and 200?
40
Suppose 0 = -4*l + 3*s, 0*l = 2*l + s. Suppose l*z = z + 2*c - 108, 388 = 4*z - 3*c. Let t = 40 + -15. Calculate the highest common divisor of t and z.
25
Let h(c) = -c**3 + 4*c**2 - 4*c + 3. Let l be h(2). Let p(y) = 0*y - 4*y - y**l - 2*y + 4 + 6*y**2. Let r be p(4). What is the highest common factor of 6 and r?
6
Let o be (-26)/3*(900/8)/(-25). What is the greatest common factor of o and 2418?
39
Let u(d) = -d**2 - 35*d + 20. Let j be u(-19). Calculate the greatest common factor of 27 and j.
27
Let z(j) = j**2 + 2*j - 5. Let q be z(-5). Let g = 10970 + -10780. Calculate the highest common factor of g and q.
10
Suppose -5*c = 2*m - 1815, 4*c - 3 = 1. Let t = m - 618. What is the highest common divisor of t and 41?
41
Let r(b) = 2*b**2 - 5*b - 2. Let u be r(4). Suppose 0 = 5*l + 115 - 35. Let k(y) = -6*y - 6. Let d be k(l). Calculate the highest common divisor of d and u.
10
Let r be ((-2)/(-18)*3)/((-1)/(-3)). Let l be 3/(-4) + (-14)/(-8). Let z be 16/20 - l/(-5). What 